f -t**5/60 - t**4/6 - 2*t**3/3 + t**2. Let q be s(-2). What are the prime factors of (2 + q)*168/7?
2, 3
Let c = 7 - 12. Let q(u) be the third derivative of u**5/60 - u**4/12 - u**3/2 - 8*u**2 - 3*u. List the prime factors of q(c).
2
Let z(v) = -v**2 - 29*v + 3. What are the prime factors of z(-13)?
211
Let j(b) = b**2 - 5*b + 10. Let d be j(6). Suppose -4*z + 2*z = -d. List the prime factors of z.
2
Let f = -31 - -37. Let z(q) = -q**3 + 8*q**2 - 2*q - 6. What are the prime factors of z(f)?
2, 3
Let l = -351 - -1189. List the prime factors of l.
2, 419
Let b(q) = -10*q**3 - 24*q**2 - 81*q + 9. What are the prime factors of b(-5)?
2, 7, 19
Let m be (-26)/117 - (-40)/18. Suppose m*w - 129 = -0*w + r, 0 = -3*r + 15. List the prime factors of w.
67
Suppose 2*u = u - 12. What are the prime factors of (-87)/(-2)*(-16)/u?
2, 29
Suppose i = -67 - 162. Let w = -156 - i. What are the prime factors of w?
73
Let z = 22 + -29. List the prime factors of (-4053)/(-49) + (-2)/z.
83
Suppose -3*c + 4*w + 6127 + 1179 = 0, -4*w = 4*c - 9704. What are the prime factors of c?
2, 3, 5
Let j(v) = 4*v**2 + 4. Let y be j(2). Let a be 0 - y/(-2) - 1. Suppose 0 = -5*l + 4*l + a. List the prime factors of l.
3
Let t = 3076 - 2191. What are the prime factors of t?
3, 5, 59
Let a = 282 + -61. What are the prime factors of a?
13, 17
Let k = 163 + -85. List the prime factors of k.
2, 3, 13
Let b = 0 + 4. Let g = 17 - 11. Suppose -4*s = -3*w - 45, 0 = -b*s - 2*w + g*w + 48. List the prime factors of s.
3
Suppose 29*s - 9747 = 25*s - a, -2*s - 3*a = -4861. List the prime factors of s.
2, 23, 53
What are the prime factors of (8 - 3 - -589)*(7 - 3)?
2, 3, 11
Suppose 20194 + 18526 = 11*w. What are the prime factors of w?
2, 5, 11
Suppose -4*f + 7*f + 189 = 0. Let a = f - -102. List the prime factors of a.
3, 13
Let y(p) = 15*p**2 - 9*p - 297. List the prime factors of y(-16).
3, 1229
Suppose -712 = -5*n + 3*n - 2*b, -n - 2*b + 358 = 0. List the prime factors of n.
2, 3, 59
Suppose -2 + 23 = -3*l. Let a = 19 - l. What are the prime factors of a?
2, 13
Let j be 7 - 8 - (-5 - -1). Suppose -8*z = -j*z - 640. Suppose -23 + z = 5*b. What are the prime factors of b?
3, 7
Let j(l) = -l - 1. Let v = -18 - -19. Let c(u) = -3*u**3 - 2*u**2 + 7*u + 8. Let t(r) = v*c(r) + 5*j(r). What are the prime factors of t(-2)?
3, 5
Let v(d) = d**2 + 23*d + 51. Let k be v(-21). Suppose k*w - 6*w - 534 = 0. What are the prime factors of w?
2, 89
Suppose 0 = 5*l - 24 + 144. Let p = 20 - l. List the prime factors of p.
2, 11
Let x = -42 + 222. What are the prime factors of x?
2, 3, 5
Let f(h) = -4*h**3 - 5*h**2 + h + 4. Let o be f(-3). Let x = 161 - o. List the prime factors of x.
97
Let z(a) = 1815*a - 34. List the prime factors of z(1).
13, 137
What are the prime factors of ((-2)/4)/((-18213)/3642 + 5)?
607
Let u be 129/27 - 2/(-9). Suppose -2*v + 0*v - u*x = -527, 5*v + x - 1260 = 0. What are the prime factors of v?
251
Let s(i) = -i - 12. Let m be s(0). List the prime factors of ((-8)/(-6))/((-2)/m).
2
Let d = -118 + 125. Suppose 881 = -3*u + d*u - 5*v, 2*u = -4*v + 434. What are the prime factors of u?
3, 73
Let p = -3 + 12. Suppose 5*y + 5*o - 13 = 4*y, 0 = -3*y - 4*o - 5. Let g = y + p. What are the prime factors of g?
2
What are the prime factors of -2 + -8 + 2 + 1068?
2, 5, 53
Suppose -3*s + 4*w - 213 + 1844 = 0, -5*s = 4*w - 2761. List the prime factors of s.
3, 61
Let a = -1 - -1. Suppose 0 = -p + 5*b - 8, p - b = -3*p + 6. Suppose -2*s - p*s + 8 = a. List the prime factors of s.
2
Suppose h = 5*h - 12. Suppose o - 22 = 2*d, d - 4*d - h = 0. List the prime factors of o.
2, 5
Suppose -848 = 3*o + 4. Let a be o/(-2) + 6 + -5. Let m = 220 - a. List the prime factors of m.
7, 11
Let f = -550 - -322. Let s = 794 - 802. What are the prime factors of -4 - f/s*-2?
53
Let q = 467 - -608. List the prime factors of q.
5, 43
List the prime factors of (266/(-95))/((-8)/7460).
7, 373
Suppose -21 = 4*g - 33, 3*y - 5*g - 8421 = 0. What are the prime factors of y?
2, 19, 37
Let c(y) be the second derivative of -7*y**3/3 - 2*y**2 - 14*y. Let o = 1 + -3. What are the prime factors of c(o)?
2, 3
Let h(l) = -l + 7. Let j be h(9). Let r be (8/24)/(j/(-12)). What are the prime factors of 0/r + -3 + 31?
2, 7
List the prime factors of ((-8)/10)/(2 + 75168/(-37580)).
2, 1879
List the prime factors of (-3 - (-47 + 4))*(-20)/(-2).
2, 5
Suppose 1382 = q - 305. What are the prime factors of q?
7, 241
Let x(d) be the third derivative of 47*d**5/60 + d**4/24 + 11*d**2. What are the prime factors of x(-1)?
2, 23
Suppose -25*m = -38*m + 16744. What are the prime factors of m?
2, 7, 23
Let y(d) = -118*d + 228. What are the prime factors of y(-10)?
2, 11
Let d = -82 - -117. Let y be d/2 + 7/14. Suppose 16*z = y*z - 80. What are the prime factors of z?
2, 5
Suppose 4*n - 768 = 2*v, -3*n + 64 = v + 463. Let p = v - -654. What are the prime factors of p?
2, 3, 11
Let j(c) = 2*c**3 - 31*c**2 + 25*c + 6. What are the prime factors of j(15)?
2, 3, 13
Suppose -y + 151 = -744. List the prime factors of y.
5, 179
Let j(a) = a - 3. Suppose 0 = 3*m - 38 - 16. Let c be j(m). Suppose 2*u = -c + 49. List the prime factors of u.
17
Suppose 2*f + x = 50, 3*f + 8 - 69 = 2*x. Let y = f - 14. List the prime factors of y.
3
Let l = 1192 - -1632. What are the prime factors of l?
2, 353
Let c(o) = 6*o - 41. Let k be c(17). Suppose 0 = d - 4*d - 117. Let r = d + k. What are the prime factors of r?
2, 11
Let y be 15/60 - (-42)/(-8). Let f(q) = 2*q - 1 - 4*q + 8*q**3 - 3*q**2 - 1 - 9*q**3. What are the prime factors of f(y)?
2, 29
Suppose -4*k = -q, 0 = -q - 4*q. Suppose k = -2*o + 5 + 1. Suppose -n = -4*h - 25, 2*h = -2*n - o*h - 2. List the prime factors of n.
3
Suppose -10760 = -4*o + 2*r, 16*o - 13450 = 11*o + 4*r. What are the prime factors of o?
2, 5, 269
Let d = 14 + 1244. What are the prime factors of d?
2, 17, 37
Let n(y) = -9*y**2 - 3*y - 3. Let h be n(-1). What are the prime factors of h/(-4)*3520/30?
2, 3, 11
Let t(y) = 12*y - 24*y**2 - 6*y + 25*y**2. List the prime factors of t(5).
5, 11
Let i be 2*500/(-5 + 1). List the prime factors of i/(-20)*16/5.
2, 5
Let m(v) = 87*v - 71. What are the prime factors of m(6)?
11, 41
Suppose 2*x - s = -132, -9*s - 360 = 5*x - 4*s. List the prime factors of (x/4)/((-2)/4).
2, 17
Let b(j) = -385*j - 58. List the prime factors of b(-11).
4177
Let c(k) = k**2 + 6*k + 8. Let b be c(-5). Suppose -5*s + b*m + 1 = -247, 140 = 3*s - 4*m. What are the prime factors of s?
2, 13
Let q be 4/(-5)*45/(-18). Suppose -1 = -j + q. Suppose -2*r + 290 = j*r - 2*i, 0 = 4*r + 2*i - 232. List the prime factors of r.
2, 29
Let h be -6 + 6 + -4*1. Let f = -9 - h. List the prime factors of f + 6 + -3 - -16.
2, 7
Suppose 4*d - 1464 - 3708 = 0. List the prime factors of d.
3, 431
Suppose r - 900 = -3*k, -4*r + 3899 = -2*k + 313. List the prime factors of r.
3, 13, 23
Suppose 4*a = 4*r - 516, 10*r = 12*r - a - 261. What are the prime factors of r?
2, 3, 11
Let p = -261 - -908. What are the prime factors of p?
647
Let m = 19 - 25. Let c = m + 13. What are the prime factors of c?
7
Let i(f) = 1411*f - 169. List the prime factors of i(3).
2, 127
Let v be 3/(-9*1/(-39)). Let j(d) = 4*d - 12. List the prime factors of j(v).
2, 5
Let x(z) = z + 2. Let p be x(0). Let t = -67 + 68. Suppose p = d - t. List the prime factors of d.
3
Let d(v) = -2*v + 55. Let c be d(0). What are the prime factors of -2 + 2 + c + 0?
5, 11
Let u(n) = -n**3 - 4*n**2 - 2*n + 3. Let i be u(-3). Suppose i*g = -5*g - 315. List the prime factors of 2/(-9) - 1463/g.
23
Suppose -332*r + 324*r + 21776 = 0. What are the prime factors of r?
2, 1361
Let q = -162 - -159. List the prime factors of ((-143)/117)/((-2)/(-42))*q.
7, 11
Suppose 68*o = 74*o - 3504. List the prime factors of o.
2, 73
Suppose -105*t = 4*j - 106*t - 8419, -5*j = -2*t - 10520. What are the prime factors of j?
2, 3, 13
Let j be (-12)/(-15)*(-40)/2. Let o(i) = -i**2 - 14*i + 36. Let l be o(j). Suppose -l*n + 193 = -87. What are the prime factors of n?
2, 5, 7
Suppose -4*y + 2174 = 2*j, 5*y + 2156 = -3*j + 5*j. What are the prime factors of j?
3, 19
Suppose -f + 10 = 13. Let a(s) = s**3 + 4*s**2 - s + 1. List the prime factors of a(f).
13
Let o(y) = y**2 + 6*y - 22. Let l be o(-9). Suppose l*z + g = 237,